= 0, 12 = 2*r + 6*p - 3*p. Suppose -3*d - 5*l + 1372 = r, -5*l - 439 = -d + 25. Suppose 2*b + d = 5*b. What is the tens digit of b?
5
What is the units digit of ((-2128830)/(-12))/11*(34 - 32)?
5
Let z = 715 + -27. What is the units digit of z?
8
Suppose 3*m - 45069 = -5*t, 2*m + 3*m - 4*t - 75189 = 0. What is the units digit of m?
3
Let s(l) = -29900 - 30*l + 30156 - 23*l. What is the tens digit of s(-8)?
8
Suppose -9*z - 430 + 151 = 0. Let w = z - -34. Suppose 0 = -j - w*j + 116. What is the units digit of j?
9
Let x(l) = l**2 - 20*l - 14. Let b = 175 - 112. Let k = b + -42. What is the units digit of x(k)?
7
Let v(s) = -24 - 46 - 15*s - 19 - 2. What is the units digit of v(-7)?
4
Suppose 0 = 5*t - 3*n - 11903, t - 5*t + 2*n = -9522. What is the units digit of t?
0
Let r be 105/(-70) + (-2)/4. Let y = r + 298. What is the hundreds digit of y?
2
Let f be 2*(3 + (-5)/5). Suppose f*c - 5*c + 186 = 0. What is the units digit of c?
6
Let k be -216 + 15*((-16)/6)/(-8). Let r = 635 - k. What is the hundreds digit of r?
8
Let p = 48 + -9. Suppose p + 27 = 11*u. What is the units digit of u?
6
Let b(m) = -m**3 - 12*m**2 - 15*m + 7. Suppose -3*s + 22 = -4*s - 3*k, 3*k = 3*s + 18. Let d be 9/15 - (-116)/s. What is the units digit of b(d)?
1
Let l = 24828 + 24380. What is the thousands digit of l?
9
Let x be (13 + (-18 - -6))/((-2)/(-8)). Suppose 5*j - 4*c + 2*c = 4256, -x*j + 3412 = -4*c. What is the tens digit of j?
5
Let c = 609 + 552. Let n = c - 700. What is the units digit of n?
1
Let u be 8/(-12)*(-7908)/(-8). Let i = 1237 + u. What is the units digit of i?
8
Let z = 36 - 247. Let k = -373 - z. Let a = k + 272. What is the tens digit of a?
1
Let l(h) = 1387*h**2 - 52*h + 100. What is the tens digit of l(2)?
4
Let q(f) = f**2 - f - 10. Let s be q(-3). Suppose -s*z + 8 = -12. What is the units digit of ((-2)/(4/z))/(3/(-39))?
5
Let o = -1003 + 1015. Suppose 0 = -2*a + 6*a - 64. Let y = a - o. What is the units digit of y?
4
Let p(n) = 18*n**3 + n - 1. Let f be p(1). Let s = f + -15. Suppose -s*i = -4*r - 0*r + 282, 278 = 4*r - i. What is the tens digit of r?
6
Let v(k) = 17*k**2 - 36*k - 2. Let h be v(2). What is the units digit of 0 - (-483 + 6 + h)?
3
Let a be (-2 - 5) + (4 - -1) + -5. Let b be 4 + 190 - (3 + a). Let d = -56 + b. What is the hundreds digit of d?
1
Let f = 140 + -127. Let r(i) = i**3 - 12*i**2 + 9*i - 23. What is the hundreds digit of r(f)?
2
Let f(i) = -i**2 - 15*i + 2. Let k be f(-19). Let c = k - -131. What is the units digit of c?
7
Suppose -r - 9766 = -2*z + 4*r, -5*z + 24380 = 5*r. What is the thousands digit of z?
4
Let v be 4/(40/35 + -1). Suppose g + v = 4*q - 0*g, -4*q + 4*g = -16. Suppose q*b + b - 693 = 0. What is the tens digit of b?
7
Suppose -46*k + 23*k + 812061 = 0. What is the thousands digit of k?
5
Let p be 850380/(-570) - -2*3/(-57). Let j = 2529 + p. What is the tens digit of j?
3
Let m = 182 - 174. Suppose m*d - 7258 = -11*d. What is the units digit of d?
2
Let c = -91127 - -131460. What is the thousands digit of c?
0
What is the tens digit of 14*71437/14 + 16?
5
Let f be 2367/3 - (4 - 3). Suppose 114*b = 110*b + f. What is the tens digit of b?
9
Suppose 0 = 3*x + 2*s - 58265, 0 = -3*x + s + 19522 + 38740. Suppose 0 = 24*t - x - 11635. What is the hundreds digit of t?
2
Let p be (780/(-75))/((-1)/(-5)). Let a = p - -53. What is the units digit of (3 - (-3 - -6)) + a*9?
9
Let c(g) = -7*g**3 - 4*g**2 + 7*g - 96. Let p(l) = -3*l**3 - 2*l**2 + 3*l - 47. Let y(t) = 2*c(t) - 5*p(t). What is the units digit of y(0)?
3
Let v(l) = 92*l**3 - 3*l**2 - 37*l + 62. What is the units digit of v(6)?
4
Suppose -4*p + 25526 + 127085 = g, -4*g = 4. What is the ten thousands digit of p?
3
Suppose -3*w = 8*w - 33. Let p(d) = -2*d + 7. Let x be p(w). What is the units digit of ((-4)/(-2) - x)*143?
3
Let j = 118 - 113. Suppose 5*c = -5*u + 2670, c + 2118 = 5*c - j*u. Suppose 823 = 5*h - c. What is the hundreds digit of h?
2
Suppose 3750 = -6*t - 4*t. Let h = -151 - t. What is the hundreds digit of h?
2
Let o(c) be the first derivative of c**4/4 - 19*c**3/3 + c**2 - 30*c + 3. Let s = -121 - -140. What is the units digit of o(s)?
8
Let z be 15690/(-3)*(11 - 4 - 3). What is the units digit of 2/(-13) - (-6 + z/104)?
7
Suppose 3*j = 1583 + 262. Suppose 37*l - 32*l = j. What is the units digit of l?
3
Let h be (-8)/(-20) - (-38)/5. Suppose -52*s = -56*s - h. What is the tens digit of (-560)/(-6) - s/3?
9
What is the thousands digit of (9/(-15))/((-40)/334200)?
5
Let x = 4726 - 443. What is the tens digit of x?
8
Suppose 40*a + 167923 = 53*a - 62775. What is the hundreds digit of a?
7
Suppose 4*j - j + 27 = 3*c, 5*c = -3*j + 53. Suppose -c*o = 360 - 4530. What is the hundreds digit of o?
4
Suppose -5*u = l + 10 + 1, u + 23 = 5*l. Suppose 0 = 5*m - v - 8, -l = -v - 2. What is the units digit of ((-7)/(-4))/(m/152)?
3
Suppose -17*m + 18*m + 2*x - 499 = 0, 0 = -3*m - x + 1497. Suppose -2*j = -935 - m. What is the tens digit of j?
1
Suppose -4*x - 248 = 5*t + 282, 0 = 5*x + 2*t + 654. Let r = -47 - x. Suppose r = -5*c + 643. What is the hundreds digit of c?
1
Let a(t) = -t**2 + 15*t - 24. Let u be a(12). Suppose u = 9*d - 42. What is the units digit of (-396 + (-2 - -2))*(-3)/d?
8
Suppose -3*b = b + 4*d, -3*b - 5*d = 0. Let u(q) = -q**2 + 2*q + 74. Let t be u(b). Let h = t + -39. What is the tens digit of h?
3
Let w(h) = 4*h**2 - 16*h + 6. Let g be w(6). Suppose 4*c - 3*v - 73 = 0, -6*c + 4*c + 3*v = -29. Suppose -c = n - g. What is the units digit of n?
2
Let l be ((-1758)/(-4))/((-216)/(-1440)). Suppose 3*m = 3*k + 3562 - 604, -3*m - 4*k + l = 0. What is the hundreds digit of m?
9
Let k(l) = -l**2 + 16*l + 108. Let c be k(21). Suppose -c*p - 4*f + 1786 = -2*f, 5*p - 2965 = -f. What is the units digit of p?
2
Let h(d) = 17*d + 6. Let b be h(22). Suppose 226 + b = -3*o. Let q = o - -321. What is the units digit of q?
9
Let w(k) = 6*k**3 - k**2 + 4*k. Suppose 5*i = -0*i - 275. Let j = 57 + i. What is the tens digit of w(j)?
5
Suppose n = -0*q + 3*q - 8, 3*n = -15. What is the units digit of (1341/27)/(q/15)?
5
Let v(z) = 2*z**3 + 210*z**2 + 200*z - 446. What is the hundreds digit of v(-103)?
3
Suppose 0 = -23*y - 171506 + 430256. What is the ten thousands digit of y?
1
Suppose 30*k - 21*k - 41112 = 0. Suppose 0 = 16*y - 12*y - s - 4559, 4*s + k = 4*y. What is the thousands digit of y?
1
What is the thousands digit of -21 + (-461416)/(-80) - (-6)/20?
5
Suppose -4*y + 6 = -9*x + 11*x, 5*x + 29 = y. Suppose y*r = -168 + 2680. What is the units digit of r?
8
Suppose -60 + 15 = -9*h. Suppose -t + 5*n = -872, 5*t - h*n - 4360 = -3*n. What is the hundreds digit of t?
8
What is the hundreds digit of 20 - -318*(-2632)/(-42)?
9
Let x = 61 + -66. Let r = x - 44. Let a = r + 89. What is the units digit of a?
0
Suppose -4*n = 3*x - 19071, 3*n - 25*x = -30*x + 14295. What is the thousands digit of n?
4
Suppose 0 = -938*g + 914*g + 320040. What is the hundreds digit of g?
3
Let t(z) = -381*z**3 + z**2 + 39*z + 25. What is the tens digit of t(-4)?
6
Let z(u) = 2 + 0*u**2 - 10 - 1 + 3*u**2 + 13*u. What is the units digit of z(-14)?
7
Let z(n) = 42*n + 2592. What is the tens digit of z(47)?
6
Suppose 8 = 2*a + 18. Let f = 13 + a. What is the units digit of ((-4)/6)/(f/204*-1)?
7
Let v(t) = t**2 - 16*t + 3. Let p be v(16). Suppose -4*l - 4*m = m + 43, p*m = 4*l + 51. What is the tens digit of l/(-2)*2/(-3) - -189?
8
Suppose 2*i - 3*i - 68 = 3*u, 4*i + 5*u = -265. Let z = -50 - i. What is the hundreds digit of 6/2 - (z + -210)?
1
Let k(x) = -1290*x - 23. Let t be k(-4). Suppose 0 = -i - 10*i + t. What is the tens digit of i?
6
Let z = -5307 + 3778. Let q = -932 - z. What is the units digit of q?
7
Suppose 3*d - 6*d = -5*o + 62, 4*d = -5*o + 34. Suppose -o*w = -8*w + 28. What is the tens digit of (-15)/2*w + -1?
0
Let c(l) = -29*l + 10. Let q be c(-8). Suppose 2*t = -2*f + 580, -t = f - 3*t - 278. Suppose 6*r - f = q. What is the tens digit of r?
8
Let h(s) = s**3 + 18*s**2 + 17*s + 4. Suppose -3*i - 119 = 4*i. Let x be h(i). Suppose -z + 263 + 104 = 3*o, x*z = 2*o - 226. What is the units digit of o?
1
Let h(c) = c + 2. Let k be h(0). Suppose k*p + y = 336, 103 = -5*p + 4*y + 969. Let z = p + -112. What is the units digit of z?
8
Let n(m) = -51*m - 118. Wh